{"id":23918,"date":"2016-11-20T19:48:25","date_gmt":"2016-11-20T18:48:25","guid":{"rendered":"https:\/\/www.diwie.eu\/wordpress\/?page_id=23918"},"modified":"2016-11-20T19:48:25","modified_gmt":"2016-11-20T18:48:25","slug":"montag-vogelpark-steinen-vorschlag-fuer-einen-tag-im-sued-schwarzwald-baden-wuertemberg","status":"publish","type":"page","link":"https:\/\/www.Diwie.eu\/wordpress\/montag-vogelpark-steinen-vorschlag-fuer-einen-tag-im-sued-schwarzwald-baden-wuertemberg\/","title":{"rendered":"Montag &#8211; Vogelpark Steinen &#8211; Vorschlag f\u00fcr einen Tag im S\u00fcd-Schwarzwald (Baden-W\u00fcrtemberg)"},"content":{"rendered":"\n<p align=\"center\"><b> <span style=\"font-family: Tempus Sans ITC,MS Serif,Times; font-size: medium;\"> <a name=\"Steinen\"><\/a><\/p>\n<p><i><\/i><\/span><\/b><\/p>\n<p align=\"center\"><b><span style=\"font-family: Tempus Sans ITC,MS Serif,Times; font-size: medium;\"><i><span style=\"font-size: small;\"><span style=\"color: white; font-family: MS Serif; font-size: xx-large;\">Vogelpark Steinen<\/span><\/span><\/i><\/span><\/b><\/p>\n<p align=\"center\"><b><span style=\"color: white; font-family: Tempus Sans ITC,MS Serif,Times; font-size: medium;\">Zwischen den Ortschaften Schl\u00e4chtenhaus-Hofen und Weitenau befindet sich dieses einzigartiges Vogelparadies. 1980 wurde es der \u00d6ffentlichkeit \u00fcbergeben.<\/span> <\/b><\/p>\n<p align=\"center\"><b><span style=\"font-family: Tempus Sans ITC,MS Serif,Times; font-size: medium;\"><a class=\"foobox\" rel=\"gallery\" href=\"https:\/\/www.diwie.eu\/wordpress\/wp-content\/uploads\/AusflugstippsundSehenswuerdigkeiteninThueringen\/Ausflugstipps\/Schwarzwald\/Montag\/Im%20Sued-Schwarzwald%20Vogelpark%20Steinen%20Mo.06.08.2001%2011.jpg\"><img loading=\"lazy\" decoding=\"async\" class=\"foxbox\" src=\"https:\/\/www.diwie.eu\/wordpress\/wp-content\/uploads\/AusflugstippsundSehenswuerdigkeiteninThueringen\/Ausflugstipps\/Schwarzwald\/Montag\/THN\/Im%20Sued-Schwarzwald%20Vogelpark%20Steinen%20Mo.06.08.2001%2011.jpg\" border=\"0\" width=\"119\" height=\"150\"><\/a> <a class=\"foobox\" rel=\"gallery\" href=\"https:\/\/www.diwie.eu\/wordpress\/wp-content\/uploads\/AusflugstippsundSehenswuerdigkeiteninThueringen\/Ausflugstipps\/Schwarzwald\/Montag\/Im%20Sued-Schwarzwald%20Vogelpark%20Steinen%20Mo.06.08.2001%2012.jpg\"><img loading=\"lazy\" decoding=\"async\" src=\"https:\/\/www.diwie.eu\/wordpress\/wp-content\/uploads\/AusflugstippsundSehenswuerdigkeiteninThueringen\/Ausflugstipps\/Schwarzwald\/Montag\/THN\/Im%20Sued-Schwarzwald%20Vogelpark%20Steinen%20Mo.06.08.2001%2012.jpg\" border=\"0\" width=\"150\" height=\"106\"><\/a> <a class=\"foobox\" rel=\"gallery\" href=\"https:\/\/www.diwie.eu\/wordpress\/wp-content\/uploads\/AusflugstippsundSehenswuerdigkeiteninThueringen\/Ausflugstipps\/Schwarzwald\/Montag\/Im%20Sued-Schwarzwald%20Vogelpark%20Steinen%20Mo.06.08.2001%2013.jpg\"><img loading=\"lazy\" decoding=\"async\" src=\"https:\/\/www.diwie.eu\/wordpress\/wp-content\/uploads\/AusflugstippsundSehenswuerdigkeiteninThueringen\/Ausflugstipps\/Schwarzwald\/Montag\/THN\/Im%20Sued-Schwarzwald%20Vogelpark%20Steinen%20Mo.06.08.2001%2013.jpg\" border=\"0\" width=\"150\" height=\"129\"><\/a> <a class=\"foobox\" rel=\"gallery\" href=\"https:\/\/www.diwie.eu\/wordpress\/wp-content\/uploads\/AusflugstippsundSehenswuerdigkeiteninThueringen\/Ausflugstipps\/Schwarzwald\/Montag\/Im%20Sued-Schwarzwald%20Vogelpark%20Steinen%20Mo.06.08.2001%207.jpg\"><img loading=\"lazy\" decoding=\"async\" src=\"https:\/\/www.diwie.eu\/wordpress\/wp-content\/uploads\/AusflugstippsundSehenswuerdigkeiteninThueringen\/Ausflugstipps\/Schwarzwald\/Montag\/THN\/Im%20Sued-Schwarzwald%20Vogelpark%20Steinen%20Mo.06.08.2001%207.jpg\" border=\"0\" width=\"102\" height=\"150\"><\/a><\/span><\/b><\/p>\n<p align=\"center\">&nbsp;<\/p>\n<p align=\"center\"><b><span style=\"color: white; font-family: Tempus Sans ITC,MS Serif,Times; font-size: medium;\"> Manche der V\u00f6gel k\u00f6nnen sogar sprechen und begr\u00fc\u00dfen die Besucher mit &#8220;Hallo&#8221;, &#8220;Guten Morgen&#8221; oder &#8220;Hier gibt es nichts zu sehen&#8230;.&#8221;.<\/span><\/b><\/p>\n<p align=\"center\"><b><a class=\"foobox\" rel=\"gallery\" href=\"https:\/\/www.diwie.eu\/wordpress\/wp-content\/uploads\/AusflugstippsundSehenswuerdigkeiteninThueringen\/Ausflugstipps\/Schwarzwald\/Montag\/Im%20Sued-Schwarzwald%20Vogelpark%20Steinen%20Mo.06.08.2001%206.jpg\"><span style=\"font-family: Tempus Sans ITC,MS Serif,Times; font-size: medium;\"><img loading=\"lazy\" decoding=\"async\" src=\"https:\/\/www.diwie.eu\/wordpress\/wp-content\/uploads\/AusflugstippsundSehenswuerdigkeiteninThueringen\/Ausflugstipps\/Schwarzwald\/Montag\/THN\/Im%20Sued-Schwarzwald%20Vogelpark%20Steinen%20Mo.06.08.2001%206.jpg\" border=\"0\" width=\"150\" height=\"124\"><\/span><\/a><\/b><\/p>\n<p align=\"center\">&nbsp;<\/p>\n<p align=\"center\"><b><span style=\"color: white; font-family: Tempus Sans ITC,MS Serif,Times; font-size: medium;\">Schon 1981 wurde das Tropenhaus er\u00f6ffnet. Hier kann man zu jeder Witterung die Kostbarkeiten des Tropischen Regenwaldes beobachten. Nach einem l\u00e4ngeren Aufenthalt bemerkt man sogar die dort freifliegenden Kolibries.<\/span><\/b><\/p>\n<p align=\"center\"><b><span style=\"font-family: Tempus Sans ITC,MS Serif,Times; font-size: medium;\"><a class=\"foobox\" rel=\"gallery\" href=\"https:\/\/www.diwie.eu\/wordpress\/wp-content\/uploads\/AusflugstippsundSehenswuerdigkeiteninThueringen\/Ausflugstipps\/Schwarzwald\/Montag\/Im%20Sued-Schwarzwald%20Vogelpark%20Steinen%20Mo.06.08.2001%202.jpg\"><img loading=\"lazy\" decoding=\"async\" src=\"https:\/\/www.diwie.eu\/wordpress\/wp-content\/uploads\/AusflugstippsundSehenswuerdigkeiteninThueringen\/Ausflugstipps\/Schwarzwald\/Montag\/THN\/Im%20Sued-Schwarzwald%20Vogelpark%20Steinen%20Mo.06.08.2001%202.jpg\" border=\"0\" width=\"102\" height=\"150\"><\/a> <a class=\"foobox\" rel=\"gallery\" href=\"https:\/\/www.diwie.eu\/wordpress\/wp-content\/uploads\/AusflugstippsundSehenswuerdigkeiteninThueringen\/Ausflugstipps\/Schwarzwald\/Montag\/Im%20Sued-Schwarzwald%20Vogelpark%20Steinen%20Mo.06.08.2001.jpg\"><img loading=\"lazy\" decoding=\"async\" src=\"https:\/\/www.diwie.eu\/wordpress\/wp-content\/uploads\/AusflugstippsundSehenswuerdigkeiteninThueringen\/Ausflugstipps\/Schwarzwald\/Montag\/THN\/Im%20Sued-Schwarzwald%20Vogelpark%20Steinen%20Mo.06.08.2001.jpg\" border=\"0\" width=\"150\" height=\"110\"><\/a><\/span><\/b><\/p>\n<p align=\"center\">&nbsp;<\/p>\n<p align=\"center\"><b><span style=\"color: white; font-family: Tempus Sans ITC,MS Serif,Times; font-size: medium;\">Erst im Fr\u00fchjahr 2000 entstand das Berberaffen-Freigehege. Die Affen leben friedlich mit den dort vorhandenen Pfauen-Scharen zusammen.<\/span><\/b><\/p>\n<p align=\"center\"><a class=\"foobox\" rel=\"gallery\" href=\"https:\/\/www.diwie.eu\/wordpress\/wp-content\/uploads\/AusflugstippsundSehenswuerdigkeiteninThueringen\/Ausflugstipps\/Schwarzwald\/Montag\/Im%20Sued-Schwarzwald%20Vogelpark%20Steinen%20Mo.06.08.2001%209.jpg\"><b><span style=\"font-family: Tempus Sans ITC,MS Serif,Times; font-size: medium;\"><img loading=\"lazy\" decoding=\"async\" src=\"https:\/\/www.diwie.eu\/wordpress\/wp-content\/uploads\/AusflugstippsundSehenswuerdigkeiteninThueringen\/Ausflugstipps\/Schwarzwald\/Montag\/THN\/Im%20Sued-Schwarzwald%20Vogelpark%20Steinen%20Mo.06.08.2001%209.jpg\" border=\"0\" width=\"150\" height=\"102\"><\/span><\/b><\/a><\/p>\n<p align=\"center\">&nbsp;<\/p>\n<p align=\"center\"><b><span style=\"color: white; font-family: Tempus Sans ITC,MS Serif,Times; font-size: medium;\">Eine ganz besondere Atraktion sind die Greifvogel-Flugvorf\u00fchrungen mit Adlern, Falken und Eulen. In den Flugshows fliegen die Tiere schon seit 1999 direkt durch das Publikum.<\/span><\/b><\/p>\n<p align=\"center\"><b><span style=\"font-family: Tempus Sans ITC,MS Serif,Times; font-size: medium;\"><a class=\"foobox\" rel=\"gallery\" href=\"https:\/\/www.diwie.eu\/wordpress\/wp-content\/uploads\/AusflugstippsundSehenswuerdigkeiteninThueringen\/Ausflugstipps\/Schwarzwald\/Montag\/Im%20Sued-Schwarzwald%20Vogelpark%20Steinen%20Mo.06.08.2001%204.jpg\"><img loading=\"lazy\" decoding=\"async\" src=\"https:\/\/www.diwie.eu\/wordpress\/wp-content\/uploads\/AusflugstippsundSehenswuerdigkeiteninThueringen\/Ausflugstipps\/Schwarzwald\/Montag\/THN\/Im%20Sued-Schwarzwald%20Vogelpark%20Steinen%20Mo.06.08.2001%204.jpg\" border=\"0\" width=\"96\" height=\"150\"><\/a> <a class=\"foobox\" rel=\"gallery\" href=\"https:\/\/www.diwie.eu\/wordpress\/wp-content\/uploads\/AusflugstippsundSehenswuerdigkeiteninThueringen\/Ausflugstipps\/Schwarzwald\/Montag\/Im%20Sued-Schwarzwald%20Vogelpark%20Steinen%20Mo.06.08.2001%205.jpg\"><img loading=\"lazy\" decoding=\"async\" src=\"https:\/\/www.diwie.eu\/wordpress\/wp-content\/uploads\/AusflugstippsundSehenswuerdigkeiteninThueringen\/Ausflugstipps\/Schwarzwald\/Montag\/THN\/Im%20Sued-Schwarzwald%20Vogelpark%20Steinen%20Mo.06.08.2001%205.jpg\" border=\"0\" width=\"136\" height=\"150\"><\/a><\/span><\/b><\/p>\n<p align=\"center\">&nbsp;<\/p>\n<p align=\"center\">&nbsp;<\/p>\n<p align=\"center\"><span style=\"color: white; font-family: MS Serif; font-size: xx-large;\">Das Wiesental<\/span><\/p>\n<p align=\"center\"><b><span style=\"color: white; font-family: Tempus Sans ITC,MS Serif,Times; font-size: medium;\">Einzigartiges Panorama.<\/span><\/b><\/p>\n<p align=\"center\"><a class=\"foobox\" rel=\"gallery\" href=\"https:\/\/www.diwie.eu\/wordpress\/wp-content\/uploads\/AusflugstippsundSehenswuerdigkeiteninThueringen\/Ausflugstipps\/Schwarzwald\/Montag\/Im%20Sued-Schwarzwald%20Abendessen%20in%20Praeg%20Mo.06.08.2001.jpg\"><b><span style=\"font-family: Tempus Sans ITC,MS Serif,Times; font-size: medium;\"><img loading=\"lazy\" decoding=\"async\" src=\"https:\/\/www.diwie.eu\/wordpress\/wp-content\/uploads\/AusflugstippsundSehenswuerdigkeiteninThueringen\/Ausflugstipps\/Schwarzwald\/Montag\/THN\/Im%20Sued-Schwarzwald%20Abendessen%20in%20Praeg%20Mo.06.08.2001.jpg\" border=\"0\" width=\"150\" height=\"102\"><\/span><\/b><\/a><\/p>\n<p align=\"center\">&nbsp;<\/p>\n<p align=\"center\"><b><span style=\"color: white; font-family: Tempus Sans ITC,MS Serif,Times; font-size: medium;\">Zahlreiche Fl\u00fcsse mit vielen Lebewesen, ganz h\u00e4ufig vertreten ist z.B. die Regenbogenforelle.<\/span><\/b><\/p>\n<p align=\"center\"><b> <span style=\"font-family: Tempus Sans ITC,MS Serif,Times; font-size: medium;\"> <a class=\"foobox\" rel=\"gallery\" href=\"https:\/\/www.diwie.eu\/wordpress\/wp-content\/uploads\/AusflugstippsundSehenswuerdigkeiteninThueringen\/Ausflugstipps\/Schwarzwald\/Montag\/Im%20Sued-Schwarzwald%20Vogelpark%20Steinen%20Mo.06.08.2001%208.jpg\"><img loading=\"lazy\" decoding=\"async\" src=\"https:\/\/www.diwie.eu\/wordpress\/wp-content\/uploads\/AusflugstippsundSehenswuerdigkeiteninThueringen\/Ausflugstipps\/Schwarzwald\/Montag\/THN\/Im%20Sued-Schwarzwald%20Vogelpark%20Steinen%20Mo.06.08.2001%208.jpg\" border=\"0\" width=\"150\" height=\"102\"><\/a> <a class=\"foobox\" rel=\"gallery\" href=\"https:\/\/www.diwie.eu\/wordpress\/wp-content\/uploads\/AusflugstippsundSehenswuerdigkeiteninThueringen\/Ausflugstipps\/Schwarzwald\/Montag\/Im%20Sued-Schwarzwald%20Abendessen%20in%20Praeg%20Mo.06.08.2001%202.jpg\"><img loading=\"lazy\" decoding=\"async\" src=\"https:\/\/www.diwie.eu\/wordpress\/wp-content\/uploads\/AusflugstippsundSehenswuerdigkeiteninThueringen\/Ausflugstipps\/Schwarzwald\/Montag\/THN\/Im%20Sued-Schwarzwald%20Abendessen%20in%20Praeg%20Mo.06.08.2001%202.jpg\" border=\"0\" width=\"102\" height=\"150\"><\/a><a class=\"foobox\" rel=\"gallery\" href=\"https:\/\/www.diwie.eu\/wordpress\/wp-content\/uploads\/AusflugstippsundSehenswuerdigkeiteninThueringen\/Ausflugstipps\/Schwarzwald\/Montag\/Im%20Sued-Schwarzwald%20Abendessen%20in%20Praeg%20Mo.06.08.2001%203.jpg\"><img loading=\"lazy\" decoding=\"async\" src=\"https:\/\/www.diwie.eu\/wordpress\/wp-content\/uploads\/AusflugstippsundSehenswuerdigkeiteninThueringen\/Ausflugstipps\/Schwarzwald\/Montag\/THN\/Im%20Sued-Schwarzwald%20Abendessen%20in%20Praeg%20Mo.06.08.2001%203.jpg\" border=\"0\" width=\"102\" height=\"150\"><\/a> <a class=\"foobox\" rel=\"gallery\" href=\"https:\/\/www.diwie.eu\/wordpress\/wp-content\/uploads\/AusflugstippsundSehenswuerdigkeiteninThueringen\/Ausflugstipps\/Schwarzwald\/Montag\/Im%20Sued-Schwarzwald%20Abendessen%20in%20Praeg%20Mo.06.08.2001%205.jpg\"><img loading=\"lazy\" decoding=\"async\" src=\"https:\/\/www.diwie.eu\/wordpress\/wp-content\/uploads\/AusflugstippsundSehenswuerdigkeiteninThueringen\/Ausflugstipps\/Schwarzwald\/Montag\/THN\/Im%20Sued-Schwarzwald%20Abendessen%20in%20Praeg%20Mo.06.08.2001%205.jpg\" border=\"0\" width=\"150\" height=\"102\"><\/a><a class=\"foobox\" rel=\"gallery\" href=\"https:\/\/www.diwie.eu\/wordpress\/wp-content\/uploads\/AusflugstippsundSehenswuerdigkeiteninThueringen\/Ausflugstipps\/Schwarzwald\/Montag\/Im%20Sued-Schwarzwald%20Abendessen%20in%20Praeg%20Mo.06.08.2001%204.jpg\"><img loading=\"lazy\" decoding=\"async\" src=\"https:\/\/www.diwie.eu\/wordpress\/wp-content\/uploads\/AusflugstippsundSehenswuerdigkeiteninThueringen\/Ausflugstipps\/Schwarzwald\/Montag\/THN\/Im%20Sued-Schwarzwald%20Abendessen%20in%20Praeg%20Mo.06.08.2001%204.jpg\" border=\"0\" width=\"150\" height=\"102\"><\/a><\/span><\/b><\/p>\n","protected":false},"excerpt":{"rendered":"<p>Vogelpark Steinen Zwischen den Ortschaften Schl\u00e4chtenhaus-Hofen und Weitenau befindet sich dieses einzigartiges Vogelparadies. 1980 wurde es der \u00d6ffentlichkeit \u00fcbergeben. &nbsp; Manche der V\u00f6gel k\u00f6nnen sogar sprechen und begr\u00fc\u00dfen die Besucher mit &#8220;Hallo&#8221;, &#8220;Guten Morgen&#8221; oder &#8220;Hier gibt es nichts zu sehen&#8230;.&#8221;. &nbsp; Schon 1981 wurde das Tropenhaus er\u00f6ffnet. Hier kann man zu jeder Witterung die [&hellip;]<\/p>\n","protected":false},"author":1,"featured_media":-1,"parent":0,"menu_order":0,"comment_status":"closed","ping_status":"closed","template":"","meta":{"_bbp_topic_count":0,"_bbp_reply_count":0,"_bbp_total_topic_count":0,"_bbp_total_reply_count":0,"_bbp_voice_count":0,"_bbp_anonymous_reply_count":0,"_bbp_topic_count_hidden":0,"_bbp_reply_count_hidden":0,"_bbp_forum_subforum_count":0,"_crdt_document":"","rop_custom_images_group":[],"rop_custom_messages_group":[],"rop_publish_now":"initial","rop_publish_now_accounts":{"facebook_10157842446526608_172944659475038":""},"rop_publish_now_history":[],"rop_publish_now_status":"pending","ngg_post_thumbnail":0,"exifize_date":"","footnotes":""},"class_list":["bg-stuff"],"publishpress_future_action":{"enabled":false,"date":"2026-05-21 16:44:28","action":"change-status","newStatus":"draft","terms":[],"taxonomy":"","extraData":[]},"publishpress_future_workflow_manual_trigger":{"enabledWorkflows":[]},"_links":{"self":[{"href":"https:\/\/www.Diwie.eu\/wordpress\/wp-json\/wp\/v2\/pages\/23918","targetHints":{"allow":["GET"]}}],"collection":[{"href":"https:\/\/www.Diwie.eu\/wordpress\/wp-json\/wp\/v2\/pages"}],"about":[{"href":"https:\/\/www.Diwie.eu\/wordpress\/wp-json\/wp\/v2\/types\/page"}],"author":[{"embeddable":true,"href":"https:\/\/www.Diwie.eu\/wordpress\/wp-json\/wp\/v2\/users\/1"}],"replies":[{"embeddable":true,"href":"https:\/\/www.Diwie.eu\/wordpress\/wp-json\/wp\/v2\/comments?post=23918"}],"version-history":[{"count":0,"href":"https:\/\/www.Diwie.eu\/wordpress\/wp-json\/wp\/v2\/pages\/23918\/revisions"}],"wp:featuredmedia":[{"embeddable":true,"href":"https:\/\/www.Diwie.eu\/wordpress\/wp-json\/"}],"wp:attachment":[{"href":"https:\/\/www.Diwie.eu\/wordpress\/wp-json\/wp\/v2\/media?parent=23918"}],"curies":[{"name":"wp","href":"https:\/\/api.w.org\/{rel}","templated":true}]}}