{"id":22508,"date":"2017-11-01T14:26:52","date_gmt":"2017-11-01T13:26:52","guid":{"rendered":"https:\/\/www.diwie.eu\/wordpress\/?post_type=rpr_recipe&#038;p=22508"},"modified":"2017-11-01T14:26:52","modified_gmt":"2017-11-01T13:26:52","slug":"vanille-quark-taschen-aus-blaetterteig","status":"publish","type":"rpr_recipe","link":"https:\/\/www.Diwie.eu\/wordpress\/recipe\/vanille-quark-taschen-aus-blaetterteig\/","title":{"rendered":"Vanille-Quark-Taschen aus Bl\u00e4tterteig"},"content":{"rendered":"<pre>\r\nVanille-Quark-Taschen aus Bl\u00e4tterteig\r\n\r\nZutaten:\r\n  1 Pckg. Bl\u00e4tterteig (aus dem K\u00fchlregal)\r\n125 g     Magerquark \r\n 30 g     Zucker\r\n  1 g     Eigelb\r\n  1 T     Fr\u00fchlingscreme (oder Vanillepuddingpulver)\r\n  1 Dsn.  Mandarinen (oder Rosinen)\r\n\r\nAnleitung:\r\nMandarinen abgie\u00dfen und davon 1 TL Saftmit dem Quark, Zucker, Eigelb und\r\nFr\u00fchlingscreme zu einer F\u00fcllung verr\u00fchren. Die Mandarinen zerkleinert\r\nunter die Quark-F\u00fcllung mischen.\r\n\r\nAus dem Bl\u00e4tterteig Kreise ausstechen und die R\u00e4nder mit Eigelb\r\nbestreichen, die F\u00fcllung in die Mitte f\u00fcllen und an den R\u00e4ndern\r\nandr\u00fccken \r\n\r\nAnschlie\u00dfend bei 200 \u00b0C ca. 15 Minuten gebacken.\r\n\r\nBeschreibung:\r\nVanille-Quark-Taschen aus mit vorgefertigtem Bl\u00e4tterteig\r\n\r\n\r\n\r\n\r\n<\/pre>\n","protected":false},"excerpt":{"rendered":"<pre>\r\nVanille-Quark-Taschen aus Bl\u00e4tterteig\r\n\r\nZutaten:\r\n  1 Pckg. Bl\u00e4tterteig (aus dem K\u00fchlregal)\r\n125 g     Magerquark \r\n 30 g     Zucker\r\n  1 g     Eigelb\r\n  1 T     Fr\u00fchlingscreme (oder Vanillepuddingpulver)\r\n  1 Dsn.  Mandarinen (oder Rosinen)\r\n\r\nAnleitung:\r\nMandarinen abgie\u00dfen und davon 1 TL Saftmit dem Quark, Zucker, Eigelb und\r\nFr\u00fchlingscreme zu einer F\u00fcllung verr\u00fchren. Die Mandarinen zerkleinert\r\nunter die Quark-F\u00fcllung mischen.\r\n\r\nAus dem Bl\u00e4tterteig Kreise ausstechen und die R\u00e4nder mit Eigelb\r\nbestreichen, die F\u00fcllung in die Mitte f\u00fcllen und an den R\u00e4ndern\r\nandr\u00fccken \r\n\r\nAnschlie\u00dfend bei 200 \u00b0C ca. 15 Minuten gebacken.\r\n\r\nBeschreibung:\r\nVanille-Quark-Taschen aus mit vorgefertigtem Bl\u00e4tterteig\r\n\r\n\r\n\r\n\r\n<\/pre>\n","protected":false},"author":1,"featured_media":0,"comment_status":"open","ping_status":"closed","template":"","meta":{"_bbp_topic_count":0,"_bbp_reply_count":0,"_bbp_total_topic_count":0,"_bbp_total_reply_count":0,"_bbp_voice_count":0,"_bbp_anonymous_reply_count":0,"_bbp_topic_count_hidden":0,"_bbp_reply_count_hidden":0,"_bbp_forum_subforum_count":0,"_crdt_document":"","rop_custom_images_group":[],"rop_custom_messages_group":[],"rop_publish_now":"initial","rop_publish_now_accounts":{"facebook_10157842446526608_172944659475038":""},"rop_publish_now_history":[],"rop_publish_now_status":"pending","ngg_post_thumbnail":0,"rpr_recipe_ingredients":[],"rpr_recipe_instructions":[{"sort":"","description":"","image":"3566","key":"a98d51d72"}],"rpr_recipe_notes":"","footnotes":""},"rpr\/ingredients":[],"rpr\/rezepte":[182],"rpr\/bastelanleitungen":[],"rpr\/saison":[],"rpr\/schwierigkeit":[],"rpr\/keywords":[],"class_list":["bg-stuff"],"publishpress_future_workflow_manual_trigger":{"enabledWorkflows":[]},"_links":{"self":[{"href":"https:\/\/www.Diwie.eu\/wordpress\/wp-json\/wp\/v2\/rpr\/recipes\/22508","targetHints":{"allow":["GET"]}}],"collection":[{"href":"https:\/\/www.Diwie.eu\/wordpress\/wp-json\/wp\/v2\/rpr\/recipes"}],"about":[{"href":"https:\/\/www.Diwie.eu\/wordpress\/wp-json\/wp\/v2\/types\/rpr_recipe"}],"author":[{"embeddable":true,"href":"https:\/\/www.Diwie.eu\/wordpress\/wp-json\/wp\/v2\/users\/1"}],"replies":[{"embeddable":true,"href":"https:\/\/www.Diwie.eu\/wordpress\/wp-json\/wp\/v2\/comments?post=22508"}],"version-history":[{"count":0,"href":"https:\/\/www.Diwie.eu\/wordpress\/wp-json\/wp\/v2\/rpr\/recipes\/22508\/revisions"}],"wp:attachment":[{"href":"https:\/\/www.Diwie.eu\/wordpress\/wp-json\/wp\/v2\/media?parent=22508"}],"wp:term":[{"taxonomy":"rpr_ingredient","embeddable":true,"href":"https:\/\/www.Diwie.eu\/wordpress\/wp-json\/wp\/v2\/rpr\/ingredients?post=22508"},{"taxonomy":"rpr_rezepte","embeddable":true,"href":"https:\/\/www.Diwie.eu\/wordpress\/wp-json\/wp\/v2\/rpr\/rezepte?post=22508"},{"taxonomy":"rpr_bastelanleitungen","embeddable":true,"href":"https:\/\/www.Diwie.eu\/wordpress\/wp-json\/wp\/v2\/rpr\/bastelanleitungen?post=22508"},{"taxonomy":"rpr_saison","embeddable":true,"href":"https:\/\/www.Diwie.eu\/wordpress\/wp-json\/wp\/v2\/rpr\/saison?post=22508"},{"taxonomy":"rpr_schwierigkeit","embeddable":true,"href":"https:\/\/www.Diwie.eu\/wordpress\/wp-json\/wp\/v2\/rpr\/schwierigkeit?post=22508"},{"taxonomy":"rpr_keywords","embeddable":true,"href":"https:\/\/www.Diwie.eu\/wordpress\/wp-json\/wp\/v2\/rpr\/keywords?post=22508"}],"curies":[{"name":"wp","href":"https:\/\/api.w.org\/{rel}","templated":true}]}}

Vanille-Quark-Taschen aus Blätterteig

<pre>
Vanille-Quark-Taschen aus Blätterteig

Zutaten:
  1 Pckg. Blätterteig (aus dem Kühlregal)
125 g     Magerquark 
 30 g     Zucker
  1 g     Eigelb
  1 T     Frühlingscreme (oder Vanillepuddingpulver)
  1 Dsn.  Mandarinen (oder Rosinen)

Anleitung:
Mandarinen abgießen und davon 1 TL Saftmit dem Quark, Zucker, Eigelb und
Frühlingscreme zu einer Füllung verrühren. Die Mandarinen zerkleinert
unter die Quark-Füllung mischen.

Aus dem Blätterteig Kreise ausstechen und die Ränder mit Eigelb
bestreichen, die Füllung in die Mitte füllen und an den Rändern
andrücken 

Anschließend bei 200 °C ca. 15 Minuten gebacken.

Beschreibung:
Vanille-Quark-Taschen aus mit vorgefertigtem Blätterteig




</pre>
